{"id":66,"date":"2025-02-27T11:29:31","date_gmt":"2025-02-27T09:29:31","guid":{"rendered":"http:\/\/fvm.co.at\/?page_id=66"},"modified":"2026-01-15T11:05:19","modified_gmt":"2026-01-15T09:05:19","slug":"kontakt","status":"publish","type":"page","link":"http:\/\/fvm.co.at\/?page_id=66","title":{"rendered":"Kontakt"},"content":{"rendered":"<p><strong>FVM Freist\u00e4dter Versicherungsmakler Pr\u00f6ll e.u<\/strong><br \/>\n<strong> Pfarrgasse 11<\/strong><br \/>\n<strong> 4240 Freistadt<\/strong><\/p>\n<p>Telefonnummer: <a title=\"07942 77 0 84\" href=\"tel:0794277084\">07942 77 0 84<\/a><br \/>\nFaxnummer: <a title=\"07942 77 0 84 20\" href=\"tel:07942%207708420\">07942 77 0 84 20<\/a><br \/>\nE-Mail: <a title=\"office@fvm.co.at\" href=\"mailto:office@fvm.co.at\">office@fvm.co.at<\/a><\/p>\n<p><strong>\u00d6ffnungszeiten<\/strong><br \/>\nMo-Fr\u00a0 \u00a0nach telefonischer Vereinbarung<\/p>\n","protected":false},"excerpt":{"rendered":"<p>FVM Freist\u00e4dter Versicherungsmakler Pr\u00f6ll e.u Pfarrgasse 11 4240 Freistadt Telefonnummer: 07942 77 0 84 Faxnummer: 07942 77 0 84 20 E-Mail: office@fvm.co.at \u00d6ffnungszeiten Mo-Fr\u00a0 \u00a0nach telefonischer Vereinbarung<\/p>\n","protected":false},"author":3,"featured_media":0,"parent":10,"menu_order":0,"comment_status":"closed","ping_status":"closed","template":"page-fullwidth.php","meta":[],"_links":{"self":[{"href":"http:\/\/fvm.co.at\/index.php?rest_route=\/wp\/v2\/pages\/66"}],"collection":[{"href":"http:\/\/fvm.co.at\/index.php?rest_route=\/wp\/v2\/pages"}],"about":[{"href":"http:\/\/fvm.co.at\/index.php?rest_route=\/wp\/v2\/types\/page"}],"author":[{"embeddable":true,"href":"http:\/\/fvm.co.at\/index.php?rest_route=\/wp\/v2\/users\/3"}],"replies":[{"embeddable":true,"href":"http:\/\/fvm.co.at\/index.php?rest_route=%2Fwp%2Fv2%2Fcomments&post=66"}],"version-history":[{"count":10,"href":"http:\/\/fvm.co.at\/index.php?rest_route=\/wp\/v2\/pages\/66\/revisions"}],"predecessor-version":[{"id":352,"href":"http:\/\/fvm.co.at\/index.php?rest_route=\/wp\/v2\/pages\/66\/revisions\/352"}],"up":[{"embeddable":true,"href":"http:\/\/fvm.co.at\/index.php?rest_route=\/wp\/v2\/pages\/10"}],"wp:attachment":[{"href":"http:\/\/fvm.co.at\/index.php?rest_route=%2Fwp%2Fv2%2Fmedia&parent=66"}],"curies":[{"name":"wp","href":"https:\/\/api.w.org\/{rel}","templated":true}]}}