{"id":36,"date":"2025-02-27T11:23:40","date_gmt":"2025-02-27T09:23:40","guid":{"rendered":"http:\/\/fvm.co.at\/?page_id=36"},"modified":"2025-02-27T11:23:59","modified_gmt":"2025-02-27T09:23:59","slug":"berufsunfaehigkeit","status":"publish","type":"page","link":"http:\/\/fvm.co.at\/?page_id=36","title":{"rendered":"Berufsunf\u00e4higkeit"},"content":{"rendered":"<h4>BERUFSUNF\u00c4HIKEITSVERSICHERUNG<\/h4>\n<p>Die Folgen einer Berufs-oder Erwerbsunf\u00e4higkeit werden falsch eingesch\u00e4tzt. Eine dauerhafte Arbeitslosigkeit als gr\u00f6\u00dfte wirtschaftliche Gefahr wird nicht erkannt. Wenn alles gut geht ist die eigne Arbeitskraft viele Hundertausend Euro wert.<\/p>\n<p><strong>Eine Berufsunf\u00e4higkeit besteht:<\/strong> Wenn Sie mindestens 6 Monate infolge Krankheit, K\u00f6rperverletzung oder Kr\u00e4fteverfalls zu mindestens 50 % au\u00dferstande sind, Ihre zuletzt ausge\u00fcbte berufliche T\u00e4tigkeit auszu\u00fcben oder bei Pflegebed\u00fcrftigkeit ab Pflegestufe 3. Frauen sind durchschnittlich erst 48 Jahre, M\u00e4nner erst 50 Jahre alt.<\/p>\n<p>Familie, Karriere, Freude am Leben? Sie haben W\u00fcnsche, denken voraus, planen? Sie setzen Ihre Arbeitskraft ein, um das Beste aus Ihrem Leben zu machen? Doch manchmal \u00e4ndert ein winziger Moment alles. Ein Schicksalsschlag kann Ihnen in einem kurzen Augenblick Ihre Arbeitskraft rauben. Und dann?<\/p>\n<p>Dann haben Sie hoffentlich Ihre Berufsunf\u00e4higkeitsversicherung, Ihr Netz f\u00fcr alle F\u00e4lle. Das Sie gegen die finanziellen Folgen von Berufsunf\u00e4higkeit absichert. Auch wenn Sie Ihren Beruf nicht mehr aus\u00fcben k\u00f6nnen, bleiben Sie dank Ihrer garantierten monatlichen Rente liquide.<\/p>\n<h4>Welche Schicksale gibt es, wo ich meiner Arbeit nicht mehr nachgehen kann<\/h4>\n<ul>\n<li>Herzinfarkt<\/li>\n<li>Schlaganfall<\/li>\n<li>Krebs<\/li>\n<li>Born Out<\/li>\n<\/ul>\n<p>Das sind alles Krankheiten, die in der privaten Unfallversicherung NICHT gedeckt sind. Und die gesetzliche Pension, wie hoch ist diese, wenn Sie mit <strong>35\/40 Jahren<\/strong> schon Rentner werden? \u20ac 500 \u2013 \u20ac 700,- !!!!!!!!!<\/p>\n<h4>IST DAS GENUG ?<\/h4>\n<p><strong> WICHTIG der Versicherer muss die Klausel &#8222;Verzicht auf abstrakte Verweisbarkeit&#8220; enthalten!<\/strong><\/p>\n","protected":false},"excerpt":{"rendered":"<p>BERUFSUNF\u00c4HIKEITSVERSICHERUNG Die Folgen einer Berufs-oder Erwerbsunf\u00e4higkeit werden falsch eingesch\u00e4tzt. Eine dauerhafte Arbeitslosigkeit als gr\u00f6\u00dfte wirtschaftliche Gefahr wird nicht erkannt. Wenn alles gut geht ist die eigne Arbeitskraft viele Hundertausend Euro wert. Eine Berufsunf\u00e4higkeit besteht: Wenn Sie mindestens 6 Monate infolge Krankheit, K\u00f6rperverletzung oder Kr\u00e4fteverfalls zu mindestens 50 % au\u00dferstande sind, Ihre zuletzt ausge\u00fcbte berufliche T\u00e4tigkeit [&hellip;]<\/p>\n","protected":false},"author":3,"featured_media":0,"parent":13,"menu_order":0,"comment_status":"closed","ping_status":"closed","template":"page-fullwidth.php","meta":[],"_links":{"self":[{"href":"http:\/\/fvm.co.at\/index.php?rest_route=\/wp\/v2\/pages\/36"}],"collection":[{"href":"http:\/\/fvm.co.at\/index.php?rest_route=\/wp\/v2\/pages"}],"about":[{"href":"http:\/\/fvm.co.at\/index.php?rest_route=\/wp\/v2\/types\/page"}],"author":[{"embeddable":true,"href":"http:\/\/fvm.co.at\/index.php?rest_route=\/wp\/v2\/users\/3"}],"replies":[{"embeddable":true,"href":"http:\/\/fvm.co.at\/index.php?rest_route=%2Fwp%2Fv2%2Fcomments&post=36"}],"version-history":[{"count":2,"href":"http:\/\/fvm.co.at\/index.php?rest_route=\/wp\/v2\/pages\/36\/revisions"}],"predecessor-version":[{"id":96,"href":"http:\/\/fvm.co.at\/index.php?rest_route=\/wp\/v2\/pages\/36\/revisions\/96"}],"up":[{"embeddable":true,"href":"http:\/\/fvm.co.at\/index.php?rest_route=\/wp\/v2\/pages\/13"}],"wp:attachment":[{"href":"http:\/\/fvm.co.at\/index.php?rest_route=%2Fwp%2Fv2%2Fmedia&parent=36"}],"curies":[{"name":"wp","href":"https:\/\/api.w.org\/{rel}","templated":true}]}}