{"id":28,"date":"2025-02-27T11:31:40","date_gmt":"2025-02-27T09:31:40","guid":{"rendered":"http:\/\/fvm.co.at\/?page_id=28"},"modified":"2025-02-27T11:31:40","modified_gmt":"2025-02-27T09:31:40","slug":"unfall","status":"publish","type":"page","link":"http:\/\/fvm.co.at\/?page_id=28","title":{"rendered":"Unfall"},"content":{"rendered":"<h4><strong>Eine Unfallversicherung schlie\u00dft alle L\u00fccken. Sie bietet Ihnen und Ihrer Familie Schutz bei jedem Unfall.<\/strong><\/h4>\n<ul>\n<li>f\u00fcr bleibende Invalidit\u00e4t<\/li>\n<li>bei Tod<\/li>\n<li>bei Spitalsaufenthalt Taggeld<\/li>\n<li>Knochenbruchpauschale<\/li>\n<li>Hubschrauberkosten<\/li>\n<li>Such-\/Heil-\/Bergekosten<\/li>\n<li>Unfallkosten<\/li>\n<li>und vieles mehr<\/li>\n<\/ul>\n<h4><strong>Was gilt noch als Unfall<\/strong><\/h4>\n<ul>\n<li>Zeckenbiss, Infektionen durch Tierbisse<\/li>\n<li>Herzinfarkt als Unfallursache<\/li>\n<li>Schlaganfall als Unfallursache<\/li>\n<li>Kinderl\u00e4hmung<\/li>\n<li>Vergiftungen aller Art<\/li>\n<li>Wundstarrkrampf\/Tollwut<\/li>\n<\/ul>\n<h4>Tipp von Ihrem Versicherungsmakler:<\/h4>\n<p><strong>Verrenkungen, sowie Zerrungen und Zerrei\u00dfungen von an Gliedma\u00dfen und an der Wirbels\u00e4ule befindlichen Muskeln, Sehnen, B\u00e4ndern und Kapseln sowie Meniskusverletzungen. Hohe Progressionsstufen.<\/strong><\/p>\n","protected":false},"excerpt":{"rendered":"<p>Eine Unfallversicherung schlie\u00dft alle L\u00fccken. Sie bietet Ihnen und Ihrer Familie Schutz bei jedem Unfall. f\u00fcr bleibende Invalidit\u00e4t bei Tod bei Spitalsaufenthalt Taggeld Knochenbruchpauschale Hubschrauberkosten Such-\/Heil-\/Bergekosten Unfallkosten und vieles mehr Was gilt noch als Unfall Zeckenbiss, Infektionen durch Tierbisse Herzinfarkt als Unfallursache Schlaganfall als Unfallursache Kinderl\u00e4hmung Vergiftungen aller Art Wundstarrkrampf\/Tollwut Tipp von Ihrem Versicherungsmakler: Verrenkungen, [&hellip;]<\/p>\n","protected":false},"author":1,"featured_media":0,"parent":13,"menu_order":0,"comment_status":"closed","ping_status":"closed","template":"page-fullwidth.php","meta":[],"_links":{"self":[{"href":"http:\/\/fvm.co.at\/index.php?rest_route=\/wp\/v2\/pages\/28"}],"collection":[{"href":"http:\/\/fvm.co.at\/index.php?rest_route=\/wp\/v2\/pages"}],"about":[{"href":"http:\/\/fvm.co.at\/index.php?rest_route=\/wp\/v2\/types\/page"}],"author":[{"embeddable":true,"href":"http:\/\/fvm.co.at\/index.php?rest_route=\/wp\/v2\/users\/1"}],"replies":[{"embeddable":true,"href":"http:\/\/fvm.co.at\/index.php?rest_route=%2Fwp%2Fv2%2Fcomments&post=28"}],"version-history":[{"count":4,"href":"http:\/\/fvm.co.at\/index.php?rest_route=\/wp\/v2\/pages\/28\/revisions"}],"predecessor-version":[{"id":89,"href":"http:\/\/fvm.co.at\/index.php?rest_route=\/wp\/v2\/pages\/28\/revisions\/89"}],"up":[{"embeddable":true,"href":"http:\/\/fvm.co.at\/index.php?rest_route=\/wp\/v2\/pages\/13"}],"wp:attachment":[{"href":"http:\/\/fvm.co.at\/index.php?rest_route=%2Fwp%2Fv2%2Fmedia&parent=28"}],"curies":[{"name":"wp","href":"https:\/\/api.w.org\/{rel}","templated":true}]}}